{"id":6737,"date":"2024-02-28T12:55:24","date_gmt":"2024-02-28T15:55:24","guid":{"rendered":"https:\/\/ortysum.cl\/web\/?post_type=product&#038;p=6737"},"modified":"2024-02-28T12:55:24","modified_gmt":"2024-02-28T15:55:24","slug":"soporte-postural","status":"publish","type":"product","link":"https:\/\/ortysum.cl\/?product=soporte-postural","title":{"rendered":"SOPORTE POSTURAL"},"content":{"rendered":"<p>Soporte Postural confeccionado en algod\u00f3n y lona con barras dorsales flexibles y cinta reguladora de posici\u00f3n, ajustable con cierre de contacto.<\/p>\n","protected":false},"excerpt":{"rendered":"<p>Composici\u00f3n: Cara Interna: 100% Algod\u00f3n, Cara Externa: 30% Poli\u00e9ster 70% Algod\u00f3n,Barras Espalda : 100% Aluminio, Velcro : 100% Nylon, Banda : 100% Poli\u00e9ster<\/p>\n","protected":false},"featured_media":6738,"template":"","meta":[],"product_brand":[],"product_cat":[32,25],"product_tag":[39],"class_list":{"0":"post-6737","1":"product","2":"type-product","3":"status-publish","4":"has-post-thumbnail","6":"product_cat-hombros-y-codo","7":"product_cat-ortopedia","8":"product_tag-blunding","10":"first","11":"instock","12":"shipping-taxable","13":"product-type-simple"},"_links":{"self":[{"href":"https:\/\/ortysum.cl\/index.php?rest_route=\/wp\/v2\/product\/6737","targetHints":{"allow":["GET"]}}],"collection":[{"href":"https:\/\/ortysum.cl\/index.php?rest_route=\/wp\/v2\/product"}],"about":[{"href":"https:\/\/ortysum.cl\/index.php?rest_route=\/wp\/v2\/types\/product"}],"wp:featuredmedia":[{"embeddable":true,"href":"https:\/\/ortysum.cl\/index.php?rest_route=\/wp\/v2\/media\/6738"}],"wp:attachment":[{"href":"https:\/\/ortysum.cl\/index.php?rest_route=%2Fwp%2Fv2%2Fmedia&parent=6737"}],"wp:term":[{"taxonomy":"product_brand","embeddable":true,"href":"https:\/\/ortysum.cl\/index.php?rest_route=%2Fwp%2Fv2%2Fproduct_brand&post=6737"},{"taxonomy":"product_cat","embeddable":true,"href":"https:\/\/ortysum.cl\/index.php?rest_route=%2Fwp%2Fv2%2Fproduct_cat&post=6737"},{"taxonomy":"product_tag","embeddable":true,"href":"https:\/\/ortysum.cl\/index.php?rest_route=%2Fwp%2Fv2%2Fproduct_tag&post=6737"}],"curies":[{"name":"wp","href":"https:\/\/api.w.org\/{rel}","templated":true}]}}