{"id":6792,"date":"2024-02-28T14:15:41","date_gmt":"2024-02-28T17:15:41","guid":{"rendered":"https:\/\/ortysum.cl\/web\/?post_type=product&#038;p=6792"},"modified":"2024-02-28T14:15:41","modified_gmt":"2024-02-28T17:15:41","slug":"algodon-hidrofilo-prensado","status":"publish","type":"product","link":"https:\/\/ortysum.cl\/?product=algodon-hidrofilo-prensado","title":{"rendered":"ALGOD\u00d3N HIDR\u00d3FILO PRENSADO"},"content":{"rendered":"","protected":false},"excerpt":{"rendered":"<p>Es un insumo desechable, que est\u00e1 enrollado en capas y posee una gran capacidad de absorci\u00f3n. Se usa como elemento hemost\u00e1tico<\/p>\n","protected":false},"featured_media":6793,"template":"","meta":[],"product_brand":[],"product_cat":[37,26],"product_tag":[],"class_list":{"0":"post-6792","1":"product","2":"type-product","3":"status-publish","4":"has-post-thumbnail","6":"product_cat-cuidado-heridas","7":"product_cat-insumos-medicos","9":"first","10":"instock","11":"shipping-taxable","12":"product-type-simple"},"_links":{"self":[{"href":"https:\/\/ortysum.cl\/index.php?rest_route=\/wp\/v2\/product\/6792","targetHints":{"allow":["GET"]}}],"collection":[{"href":"https:\/\/ortysum.cl\/index.php?rest_route=\/wp\/v2\/product"}],"about":[{"href":"https:\/\/ortysum.cl\/index.php?rest_route=\/wp\/v2\/types\/product"}],"wp:featuredmedia":[{"embeddable":true,"href":"https:\/\/ortysum.cl\/index.php?rest_route=\/wp\/v2\/media\/6793"}],"wp:attachment":[{"href":"https:\/\/ortysum.cl\/index.php?rest_route=%2Fwp%2Fv2%2Fmedia&parent=6792"}],"wp:term":[{"taxonomy":"product_brand","embeddable":true,"href":"https:\/\/ortysum.cl\/index.php?rest_route=%2Fwp%2Fv2%2Fproduct_brand&post=6792"},{"taxonomy":"product_cat","embeddable":true,"href":"https:\/\/ortysum.cl\/index.php?rest_route=%2Fwp%2Fv2%2Fproduct_cat&post=6792"},{"taxonomy":"product_tag","embeddable":true,"href":"https:\/\/ortysum.cl\/index.php?rest_route=%2Fwp%2Fv2%2Fproduct_tag&post=6792"}],"curies":[{"name":"wp","href":"https:\/\/api.w.org\/{rel}","templated":true}]}}